 3466 a factor of 2036713499?
False
Does 96 divide 952283115?
False
Is 11988 a factor of 320259420?
True
Does 4519 divide 597317963?
False
Is 457812233 a multiple of 107?
True
Is 365 a factor of 33035420?
True
Does 3932 divide 3990040673?
False
Does 824 divide 50482899?
False
Is 234538860 a multiple of 82?
True
Is 1510486737 a multiple of 51?
True
Does 4712 divide 7838626710?
False
Does 12 divide 870813684?
True
Does 15 divide 297753201?
False
Is 135092284 a multiple of 4081?
False
Does 41 divide 822624?
True
Is 53835600 a multiple of 40?
True
Is 362920893 a multiple of 68?
False
Is 2581049558 a multiple of 46?
True
Is 122 a factor of 381444854?
False
Does 33 divide 404002589?
False
Is 31 a factor of 9108420?
True
Is 24606915 a multiple of 43?
False
Does 4395 divide 2076909990?
True
Does 27 divide 2657665258?
False
Is 464 a factor of 98524832?
True
Is 184376760 a multiple of 1930?
True
Is 12668528 a multiple of 7?
False
Is 53598377 a multiple of 28?
False
Does 186 divide 731398247?
False
Is 131 a factor of 12004709?
True
Is 8199355 a multiple of 671?
False
Does 3 divide 433931436?
True
Is 23899627 a multiple of 39?
False
Is 42 a factor of 40231170?
True
Does 17 divide 48957903?
False
Is 25637183 a multiple of 11?
True
Is 44 a factor of 4267048268?
False
Is 2528 a factor of 3367912753?
False
Does 1886 divide 18335692?
True
Is 1659 a factor of 863626425?
False
Is 10 a factor of 213894020?
True
Is 710 a factor of 173118429?
False
Does 465 divide 26070603?
False
Is 353531516 a multiple of 52?
True
Is 45385742 a multiple of 2505?
False
Is 8328240 a multiple of 1290?
True
Is 31391763 a multiple of 16?
False
Does 2 divide 119507789?
False
Is 1594378296 a multiple of 24?
True
Is 44 a factor of 503305396?
True
Is 242258819 a multiple of 229?
False
Is 4358490 a multiple of 9?
False
Does 1887 divide 32823333?
False
Is 55107720 a multiple of 13?
False
Is 77 a factor of 864522428?
True
Is 54 a factor of 206056926?
True
Is 68587484 a multiple of 14?
True
Is 77777079 a multiple of 224?
False
Is 29 a factor of 173315380?
False
Does 2 divide 178656050?
True
Is 15885709 a multiple of 88?
False
Does 1296 divide 35424864?
True
Is 167 a factor of 28590743?
False
Does 31 divide 772848507?
True
Does 26 divide 401672703?
False
Is 12 a factor of 715224756?
True
Is 59621529 a multiple of 34?
False
Is 106 a factor of 4588915?
False
Is 224471643 a multiple of 3866?
False
Is 2673 a factor of 54272592?
True
Is 864676327 a multiple of 1745?
False
Is 1585 a factor of 5952546750?
True
Does 228 divide 36951504?
True
Is 286719271 a multiple of 7?
False
Does 1336 divide 2285898569?
False
Is 25 a factor of 10456014?
False
Is 27029184 a multiple of 338?
True
Is 392 a factor of 18261320?
True
Does 941 divide 851777?
False
Is 145 a factor of 59026563?
False
Is 59 a factor of 2156794746?
False
Is 26 a factor of 428754?
False
Is 38 a factor of 845188704?
True
Is 15255490 a multiple of 610?
True
Is 68844453 a multiple of 123?
True
Is 29 a factor of 481561772?
False
Does 204 divide 11670578?
False
Is 123446092 a multiple of 77?
True
Is 2396791029 a multiple of 1191?
True
Is 53 a factor of 1734915?
False
Is 10345575 a multiple of 77?
False
Is 5 a factor of 40832925?
True
Does 1436 divide 27940252?
True
Does 1008 divide 1233975456?
True
Is 13892074 a multiple of 14?
True
Is 237349125 a multiple of 4875?
True
Is 829 a factor of 146119540?
True
Is 54762114 a multiple of 18?
False
Is 768236380 a multiple of 1910?
True
Does 1069 divide 2428114841?
True
Is 6308 a factor of 524876064?
True
Is 66889939 a multiple of 4?
False
Is 617 a factor of 517840830?
False
Is 89957513 a multiple of 6?
False
Is 1674909252 a multiple of 36?
True
Is 55575607 a multiple of 14?
False
Does 1269 divide 31868225?
False
Does 21 divide 63728049?
True
Is 4445562 a multiple of 3?
True
Does 712 divide 979840160?
True
Is 557 a factor of 15008560?
False
Is 16 a factor of 14884736?
True
Does 728 divide 295826440?
True
Is 556 a factor of 19761352?
True
Is 11282029 a multiple of 209?
True
Is 997472 a multiple of 61?
True
Does 139 divide 2337591078?
True
Is 1601143998 a multiple of 14?
False
Does 1438 divide 56700481?
False
Does 61 divide 1523841?
True
Is 49497875 a multiple of 25?
True
Is 316325 a multiple of 16?
False
Is 4849 a factor of 5435345929?
True
Does 26 divide 305219096?
True
Does 600 divide 2647200?
True
Does 4696 divide 1217342373?
False
Is 39033818 a multiple of 1976?
False
Is 8 a factor of 260165480?
True
Does 227 divide 344575491?
False
Is 177960274 a multiple of 31?
True
Is 1213169486 a multiple of 66?
False
Does 2704 divide 991521648?
True
Is 28723408 a multiple of 49?
True
Is 177607364 a multiple of 418?
True
Is 33628078 a multiple of 22?
True
Is 97835696 a multiple of 14?
True
Is 2309 a factor of 972250630?
True
Is 321864147 a multiple of 33?
True
Does 139 divide 282956049?
False
Is 44 a factor of 102377423?
False
Does 186 divide 50815944?
True
Does 4433 divide 259273937?
False
Is 19264275 a multiple of 312?
False
Is 2506403912 a multiple of 656?
False
Is 27 a factor of 1190887299?
True
Is 1703045189 a multiple of 4423?
True
Does 120 divide 195669614?
False
Is 1976 a factor of 148107128?
True
Is 424 a factor of 598204079?
False
Does 225 divide 9833281?
False
Does 1034 divide 13351008?
True
Is 570 a factor of 749723280?
True
Is 46 a factor of 95573528?
False
Is 146 a factor of 81886393?
False
Is 5 a factor of 247229275?
True
Is 10429535 a multiple of 74?
False
Does 1496 divide 424085266?
False
Is 3816937336 a multiple of 1766?
False
Is 3687 a factor of 1233408423?
True
Does 26 divide 212080867?
False
Does 532 divide 19341924?
True
Is 225773294 a multiple of 1189?
False
Does 722 divide 105960979?
False
Is 35 a factor of 37641800?
True
Is 2110 a factor of 54111955?
False
Is 13215063 a multiple of 19?
False
Is 38 a factor of 70576260?
True
Is 28 a factor of 116983790?
False
Does 13 divide 1024168483?
True
Does 3 divide 71872280?
False
Is 349224778 a multiple of 161?
True
Is 2386 a factor of 404288612?
True
Is 26882209 a multiple of 607?
True
Is 17008001 a multiple of 20?
False
Is 139584671 a multiple of 17?
True
Is 1834777626 a multiple of 29?
True
Is 379 a factor of 642522111?
True
Is 61564427 a multiple of 14?
False
Is 2949137981 a multiple of 11?
False
Does 566 divide 994159197?
False
Is 3 a factor of 572525154?
True
Does 165 divide 46796805?
True
Is 21 a factor of 7462569?
False
Is 6017747909 a multiple of 21?
False
Is 542035623 a multiple of 819?
False
Is 17 a factor of 278895541?
False
Does 156 divide 16056121?
False
Is 795420912 a multiple of 176?
True
Is 177089308 a multiple of 43?
True
Is 1561 a factor of 177728877?
False
Is 424 a factor of 794726781?
False
Is 3255556509 a multiple of 1227?
False
Is 23 a factor of 871910473?
True
Is 655076679 a multiple of 4974?
False
Is 132 a factor of 9939996?
True
Does 15 divide 4574790?
True
Is 69815046 a multiple of 1722?
True
Does 24 divide 97088712?
True
Is 176 a factor of 22246400?
True
Is 761 a factor of 8443749?
False
Is 757 a factor of 285822657?
False
Does 49 divide 494630493?
False
Is 99445556 a multiple of 471?
False
Is 15504863 a multiple of 60?
False
Is 124 a factor of 1033405212?
True
Is 621 a factor of 997049287?
False
Does 8 divide 3391536?
True
Is 29040014 a multiple of 18?
False
Is 1723116 a multiple of 3?
True
Is 642130865 a multiple of 167?
True
Does 8 divide 390956184?
True
Is 105 a factor of 237099135?
True
Does 132 divide 1361987787?
False
Is 613 a factor of 112383742?
True
Is 74 a factor of 23420905?
False
Is 61454255 a multiple of 116?
False
Does 139 divide 270962018?
False
Is 6962416 a multiple of 16?
True
Does 215 divide 143381400?
False
Does 1536 divide 294708163?
False
Does 207 divide 22090626?
True
Is 106825241 a multiple of 16?
False
Is 238950597 a multiple of 12?
False
Is 64544580 a multiple of 3026?
True
Is 148763347 a multiple of 11?
False
Does 641 divide 62314271?
False
Does 596 divide 45392198?
False
Is 1628377622 a multiple of 952?
False
Does 227 divide 58217947?
False
Does 457 divide 1776788173?
False
Is 332290800 a multiple of 90?
True
Is 1346 a factor of 27562042?
True
Is 3595308324 a multiple of 2536?
False
Is 4448310127 a multiple of 74?
False
Is 13637100 a multiple of 21?
False
Is 2941 a factor of 38100655?
True
Is 130